 -16. Suppose -4*p + w = p. Give z(p).
-1
Let q(l) = 18*l**3 + 363*l + 1 - 363*l. Determine q(1).
19
Let g = 3 + -4. Let w(o) = -o. Let h be w(g). Let t(p) = 1 + 5*p**3 - p - p**3 - 4*p**3 - 2*p**3. What is t(h)?
-2
Let i(r) = r + 1 + 1 - 2 - r**2. Let y(n) = -2*n. Let h be y(-5). Suppose -4*g = -b - 20 + 6, b - h = -4*g. Give i(b).
-6
Suppose 4*v - 22 = -2*t, -4*v + 2*v + 31 = 5*t. Let j(p) = -t + 1 + 3 + 0*p + 2*p. Determine j(1).
1
Let x(y) be the third derivative of y**5/60 - y**3/6 + 4*y**2. What is x(-1)?
0
Let d be (-8)/(-16) + 10/(-4). Let a = 5 + d. Let y(r) = r**3 - 4*r**2 + 3*r - 4. What is y(a)?
-4
Let y(l) be the first derivative of -2*l**3/3 + 3*l**2/2 - 2*l + 12. Give y(2).
-4
Let z be 9/((-36)/16) + 2. Let b(h) = h**3 + h**2 + 4*h + 3. Calculate b(z).
-9
Suppose -2 = 2*h - 6. Let s(g) = 4*g - 5 + 0*g**2 + g**2 + g**3 + 4*g**h. Give s(-4).
-5
Let v be 180/220 - 2/(-11). Suppose -r + 2*r = 1. Let n(j) = r - 2*j**2 - 2*j**2 - 2. What is n(v)?
-5
Let x(l) be the second derivative of 2*l + 0 - 1/12*l**4 - 1/20*l**5 - 1/6*l**3 + 1/2*l**2. Calculate x(0).
1
Let g(o) be the third derivative of o**6/120 - o**5/12 + o**4/8 - 2*o**3/3 + o**2. Let q be ((-3)/(-2))/(2/4 - 0). Determine g(q).
-13
Let z(b) = -4*b**3 + b. Let l be z(1). Let y be 6/(-33) - (-24)/11. Let o(h) = 1 - y*h - 2*h + h**2 + 5*h. Give o(l).
7
Suppose 3*n + v = 12, 4 = 3*n - 5*v - 26. Let j = n - 0. Let x(i) = j + 1 - 3 - i. Give x(5).
-2
Let y(r) be the second derivative of -r**3/6 - 5*r**2 - r. Let v(h) = -h - 1. Let d be v(0). Let k be -6 + d + 7 + -6. What is y(k)?
-4
Let w = 17 - 17. Let i(t) = -t**3 + t**2 - t - 5. Give i(w).
-5
Let p(c) = -c + 2*c**2 - c**2 + c**2 + c**3 - 1. Let w be ((-6)/1)/(2/2). Let s(f) = f**3 + 6*f**2 - 3. Let a be s(w). Determine p(a).
-7
Let x(n) be the second derivative of n**3/6 - 9*n**2/2 - 2*n. Let k be x(6). Let c(a) = -a**2 + 2*a + 3. Determine c(k).
-12
Let z be (-1)/(2/8*-2). Let v(i) = 7 + 0*i**3 + 6*i**z + i + i**3 + i. Let q be v(-6). Let p(a) = a**3 + 5*a**2 + 5. Give p(q).
5
Let x(y) = y**2 - 9*y - 8. Let a be x(10). Let k(g) = -3*g**3 - 2*g**a - g**3 - g - 1 - g + 3*g**3. What is k(-2)?
3
Suppose -3*x + 8 = 2*h, 3*x - 13 = -0*h - h. Let c = 10 - x. Suppose 4*s = z + c, 15 + 1 = -4*z + 4*s. Let f(o) = -o**2 - 3*o + 3. What is f(z)?
-1
Suppose 0 = 6*m - m. Let a(y) be the second derivative of 1/3*y**3 - 1/4*y**4 + 1/2*y**2 + m - 2*y. Give a(-1).
-4
Let b(x) = x**2 + 7*x + 4. Let q(f) = f**3 + 5*f**2 + 2*f + 4. Let w be q(-5). Give b(w).
-2
Suppose -2*w = -3*w + 1. Let a(x) = w + 11*x + x**3 + 2 - 9*x. Give a(-2).
-9
Let r(z) = z - 6. Let b = 7 + -5. Suppose -b*p + 28 = -12. Suppose 5*l = -3*t - t - p, -l + t = -5. Calculate r(l).
-6
Let s(m) = 3*m**2 + 10*m - 15 - 4*m**2 + 5. Determine s(8).
6
Let g(b) = 2*b - 9. Let v be g(8). Let l(o) = -o**2 + 8*o - 6. Calculate l(v).
1
Let h(x) = -3*x**2 + 5*x**3 + 2*x - 2*x**3 + 4 - 2*x**3 - 5*x. Let f = -7 - -10. Calculate h(f).
-5
Let o(x) be the second derivative of -x**5/20 + x**4/3 + 5*x**3/6 - 3*x**2 - 15*x. Give o(5).
-6
Suppose -2*m + 3*m - 2*u = 42, 3*m = 3*u + 123. Let x be 2/(-3) + m/15. Suppose 0 = x*k - 3*k + 2. Let g(j) = 3*j**2 - 4*j + 2. Determine g(k).
6
Let q(p) = p - p + 3*p. Let h = 20 + -24. What is q(h)?
-12
Suppose 5*n - 3*h = 23, -n - 5*h + 7 = 2*n. Let r(o) = -1 + 4 + 5*o + 0 - n*o - o**2. Give r(-3).
-9
Let n = -1 - 1. Let d = n - -3. Let k(u) = -u + 4*u + 0*u. Calculate k(d).
3
Let s(u) = u + 2. Let h(j) = -1. Let d be -3*-1*(-2)/2. Let q = 7 + d. Let n(i) = q*h(i) + s(i). What is n(-5)?
-7
Let s(f) = 1. Let d(m) = 8*m**2 + 3*m - 17. Let p(c) = -d(c) - 6*s(c). Let y(u) = 3*u**2 + u - 4. Let a(k) = 4*p(k) + 11*y(k). Give a(-1).
2
Let u(q) = 2*q - 8*q**3 + 9*q**2 + 4*q - 2*q**2 + 7*q**3 + 11. What is u(8)?
-5
Let m = -5 + 4. Let s be (-2)/m - (-2)/1. Let d be ((-6)/s)/(6/16). Let k(n) = n**3 + 5*n**2 + 4*n - 5. Calculate k(d).
-5
Let g = -5 + 4. Let f be 0 - 1 - (g - 6). Let t(a) = a**2 - 6*a - 5. Give t(f).
-5
Let c(a) = -4*a + 3*a - a**2 + 0*a - 4*a**2. Determine c(-1).
-4
Suppose 2 = -5*i + 22. Let v(k) = -k**2 - k + 2. Give v(i).
-18
Let z(t) be the third derivative of -t**5/60 + t**4/4 - 7*t**3/6 + 5*t**2. Let y = -7 + 12. Give z(y).
-2
Let a(f) = 8*f**3 - f + 3. Let d(y) = -16*y**3 + 2*y - 5. Let v be (3 - 0)*5/3. Let l(k) = v*a(k) + 3*d(k). Give l(-1).
7
Let x = -16 + 20. Let d(r) be the second derivative of x*r + 0 - 1/6*r**3 - 11/2*r**2. What is d(-6)?
-5
Let u(z) = -z**3 - 4*z**2 + 7*z + 3. Let n be -3 + (-1)/(-2)*-4. Calculate u(n).
-7
Let g(o) = 7*o - 1. Let t(p) = -7*p + 1. Let h = 2 - 4. Let z(i) = h*g(i) - 3*t(i). Calculate z(-1).
-8
Let q(f) be the second derivative of -1/6*f**4 - 4*f + 0 - 1/60*f**5 - 2*f**2 + 1/6*f**3. Let b(w) be the first derivative of q(w). What is b(-5)?
-4
Let z(t) = -t**3 + 1. Suppose 0 = 2*d + 4*f - 2, -f = d + 2*f + 1. Suppose d*b = 13 - 3. Suppose -l - b*r = l, -5*r = l. Give z(l).
1
Let y(b) = -2*b**3 - 7*b**2 + 5*b - 3. Let f(v) = -20*v**2 - 3 + 14*v - 5*v**3 - 1 - 4 - 1. Let j(r) = 3*f(r) - 8*y(r). What is j(3)?
-6
Let k(j) be the first derivative of 1/3*j**3 - 6*j - 1/2*j**2 - 6. Let n = 0 + 0. Determine k(n).
-6
Suppose 2*i + s = -10, -3*i + s + 19 = -8*i. Let n(w) be the third derivative of w**4/4 + 2*w**3/3 + 5*w**2. Determine n(i).
-14
Let c(m) = m**2 + m. Let w(i) = 17*i**3 + 102*i**2 + 102*i. Let x(o) = -102*c(o) + w(o). Give x(-1).
-17
Let f(p) = p**3 + 13*p**2 + p + 9. Let x be f(-13). Let b(l) = l**3 + 3*l**2 - 5*l - 6. Give b(x).
-2
Let p(s) = -s**2 - 2. Let t(l) = -l**2 - 2. Let m(z) = -3*p(z) + 2*t(z). What is m(-3)?
11
Let g(d) = 4*d + 2. Let o(n) = 5*n + 1. Let l(v) = 6*g(v) - 5*o(v). Give l(6).
1
Let f(h) = -3*h - 2. Let k be f(-5). Suppose 3*a + i = -k, -5*i + 43 = 2*a - 5*a. Let r(t) = -t**2 - 9*t - 8. Give r(a).
10
Let i(n) = 0*n + 3*n + 0*n**2 - n**2 + 5. Let z = -1 - -6. What is i(z)?
-5
Let k(s) be the third derivative of -s**6/120 + s**5/12 + 5*s**4/24 + s**3 + 2*s**2. Let u be k(6). Let r(j) = 4*j + u*j - 3*j. What is r(2)?
2
Let d(n) = -1 + 4*n + 4*n**3 + 6*n**2 + 3*n - 5*n**3. Give d(7).
-1
Let i be (86/80 + -1)/((-6)/(-4)). Let g(z) be the second derivative of -2*z**2 - 2/3*z**3 + 0 - 1/4*z**4 - i*z**5 - z. What is g(-3)?
8
Suppose -2*l + 2 = -2. Let a(s) = -s + l*s - 1 - 4*s + 2*s. Determine a(1).
-2
Suppose 5*d - 1 = 19. Let m(r) = 3*r - 5. Let x(j) = -6*j + 10. Let p(t) = d*x(t) + 7*m(t). Calculate p(6).
-13
Let z(n) = n**2 - 5*n + 2. Let r = 12 - 6. Let p = -12 + r. Let x = p + 11. Determine z(x).
2
Let h(y) = 2*y - 3. Let u(k) = -k - 10. Let g be u(-8). Let b be 9 + g + -3 + 1. Determine h(b).
7
Let m(a) = -a**2 + 7*a - 6. Let x(t) = t**2 - 4*t - 15. Let h be x(-3). Give m(h).
0
Let j(a) = -a**2 - 11*a - 2. Let o be ((-6)/(-18))/((-2)/66). Let t be j(o). Let v be (-4)/(-12)*(t - 1). Let x(y) = -2*y**3 + 2*y + 1. What is x(v)?
1
Let q(s) = 10*s - 7. Let x(z) = -53*z + 32. Let u(g) = -13*g + 8. Let t(a) = -9*u(a) + 2*x(a). Let o = 50 + -43. Let b(r) = o*q(r) - 6*t(r). Calculate b(2).
7
Let y(k) be the second derivative of 3*k**5/10 - k**3/6 + 3*k. Let p(b) = b - 2. Let r be p(5). Suppose -2 = -a + r*a. Determine y(a).
-5
Let n(z) = -3*z + 11*z + 8 - 9*z. What is n(4)?
4
Let d be (-4)/6 + 7/(-3). Suppose -t = -1 - 1. Let h(o) = -t*o + o + 2*o. Calculate h(d).
-3
Let z(f) = -f**2 + 6*f - 1. Let w be (-34)/(-6) - (-2)/(-3). Let m be z(w). Let q(i) = i - 3. What is q(m)?
1
Let j(h) = h**2 - 8*h - 5. Let r(b) = -3*b - 23. Let g be r(-9). Calculate j(g).
-21
Let g(m) be the second derivative of m**3/6 + m**2 + 2*m. Suppose -4*f - f = 2*a - 4, 0 = 2*f + 2*a - 4. Let o = f + -2. Determine g(o).
0
Let a = -38 + 44. Let l(j) = -3*j**2 - 7 - j**2 - 5*j + 5*j**2. What is l(a)?
-1
Let t = 22 + -30. Let v(s) = s + 1. Determine v(t).
-7
Let n(g) = -2 + 0*g + 3 - g**2 + 1 + g. Determine n(4).
-10
Let q be (-2 + 11)*(-2)/(-6). Let o(f) = 4*f - f**2 + f**q - 4*f**2 + f**2 + f - 3. Calculate o(3).
3
Let t(x) be the second derivative of -x**3/3 - x**2 - x. Let m be (-12)/(-7) + (-2)/(-7). Determine t(m).
-6
Let f(c) = -2*c + 3*c**2 - 2 + 6*c - 4*c**2 + 2*c**2. Suppose -g = -5, -g = 5*k + g + 10. What is f(k)?
-2
Suppose -5*k - 13 = -4*c + 4, 14 = 5*c + k. Let n(l) be the third derivative of 0*l - 1/60*l